= -x. What is the units digit of x*3 + 3 + -1?
7
Let w = 217 - 196. Suppose w*c = 3*c + 2250. What is the units digit of c?
5
Suppose -16*a + 20*a + 6*q = 140956, 35252 = a - 5*q. What is the units digit of a?
2
Let b(v) = -v**3 + 4*v**2 + 9*v - 17. Let j be b(5). Suppose -j*i = l - 254, 3*i + 2 = -4. What is the tens digit of l?
6
Suppose 2*a - 9654 + 3034 = 0. Suppose 0 = 8*g + 14 - a. What is the hundreds digit of g?
4
Let t = 46578 + -18744. What is the units digit of t?
4
Let b be (-15)/40 + (99/8 - 1). Suppose 2814 - 163 = b*p. What is the hundreds digit of p?
2
Suppose -511920 - 357036 = -58*r. What is the hundreds digit of r?
9
Let c(f) = 3*f**3 - 14*f**2 - 71*f + 33. What is the units digit of c(9)?
7
Suppose 44*j = -8*j - 70*j + 3922300. What is the thousands digit of j?
2
Let d(m) = -338*m**3 - 2*m**2 - 19*m - 43. What is the tens digit of d(-4)?
3
Let s = -51 - -53. What is the tens digit of ((-27930)/(-12))/(-19)*(0 - s)?
4
Suppose -53 = -9*a + 1828. Suppose -8*l + a = -31. Suppose -g = -25 - l. What is the units digit of g?
5
Let o(d) = 23*d - 268. Let l be o(11). Let x(v) be the third derivative of v**4/24 + 11*v**3/2 + 2*v**2. What is the units digit of x(l)?
8
Suppose -5*n + 5 = -5*b - 0*b, 5*b - 3*n = -1. Let s be b*(2 - (-2 + -1)). Suppose -s*o + 9*o = -5*j + 948, 2*o + 2*j - 476 = 0. What is the tens digit of o?
4
Suppose 489 + 213 = z. Suppose 44*t - 31*t = z. What is the units digit of t?
4
Let o(d) = 3*d**3 + 46*d**2 + 3*d + 6. What is the thousands digit of o(-13)?
1
Suppose -3*l + 486 = q, -2*l + 2557 - 153 = 5*q. Suppose -2*s = -6528 - q. What is the tens digit of (-16)/(-20) - s/(-20)?
7
Let d = 41304 - 20174. What is the units digit of d?
0
Suppose 0 = -32*u + 26*u. What is the tens digit of (0 + u + 2)/(16/456)?
5
Let w = -643 - -1676. Suppose -62*u + w = -61*u. What is the thousands digit of u?
1
Suppose -122 = 6*z - 3806. Suppose -k - 163 + z = 0. What is the hundreds digit of k?
4
Let p = -6 + 6. Suppose 30*n - 27*n - 5*m = 2389, 0 = 5*n + 3*m - 3959. Suppose p = 15*v - n - 2237. What is the units digit of v?
2
Let c = 19333 + -15826. What is the tens digit of c?
0
Let q = 584 + -172. Let b = 69 + q. What is the hundreds digit of b?
4
Suppose -25 = -2*f + 3*p - 8, 5*p = 3*f - 27. Suppose f*l + 4*h = 1984, 1000 = 2*l + 7*h - 9*h. What is the tens digit of l?
9
Suppose 0 = -5*a + 9 + 11. Let d be a/22 + 612/22. What is the hundreds digit of (2 + d)*(4/12 + 3)?
1
Let u(p) = -9*p + 9. Let g be u(7). What is the tens digit of 2 - g/(5 - -1)?
1
Suppose -230*n = -245*n + 200175. What is the units digit of n?
5
Suppose 5*b = 5*m + 4975, 0 = 4*b + m - 1854 - 2151. What is the tens digit of b?
0
Let y(o) = -2*o**2 + 21*o + 127. Let d be y(20). Let i = 506 - d. What is the units digit of i?
9
Let p = 1221 + -531. Let m be (p/(-40))/((-1)/4). Suppose 5*v + 5*h = 425, -2*h - m = 3*v - 324. What is the tens digit of v?
8
Let q(v) = -136*v - 6. Let t be q(-5). Let m = 1644 - t. What is the units digit of m?
0
Let v be -1*5 + ((-88)/(-11) - 1). Suppose -v*g - 251 = -829. What is the units digit of g?
9
Suppose -34*z + 593936 = 10*z - 602952. What is the tens digit of z?
0
Suppose 0*o - 2*v - 1146 = -4*o, 4*o - 1121 = -3*v. Let w = 51 + o. What is the hundreds digit of w?
3
Let r be (0 - (-32)/12)/(4/(-6)). What is the tens digit of (r + 1)*-1 + (240 - 4)?
3
Let n be 26 - (11 + (-7 - -1)). Suppose -n*o + 271 - 61 = 0. What is the units digit of o?
0
Let i(b) = 9*b**2 + 4*b - 5. Suppose 385 = 2*g + 5*g. Suppose g = -3*l - 8*l. What is the tens digit of i(l)?
0
Let k(j) = -41*j**3 - 2*j**2 - 91*j - 255. What is the thousands digit of k(-3)?
1
Let m = -11242 - -25272. What is the units digit of m?
0
Suppose 2*s + 0*c - 7 = c, 0 = -s - 3*c - 7. Suppose 4*m = -16, -s*a - 4*m = -7*m - 22. What is the units digit of a?
5
Let s = 11392 - -15866. What is the thousands digit of s?
7
Suppose h = 6*h - 3*p - 4385, 0 = -5*p + 25. Let c = h + -283. What is the hundreds digit of c?
5
Let t be ((-260)/(1 - 5))/1. Suppose 64*z + 1000 = t*z. What is the thousands digit of z?
1
Suppose 0 = -4*n + 2*z + 136200, -3*n + 8*n - 170276 = -4*z. What is the tens digit of n?
5
Suppose 0 = -3*c - 2*g + 74544, -22*g + 20*g = -5*c + 124256. What is the ten thousands digit of c?
2
Let v(g) be the third derivative of -g**5/60 + 2*g**4/3 + 5*g**3/6 - 12*g**2. Let p be v(16). Suppose 128 = -p*j + 348. What is the tens digit of j?
4
Suppose -202*b + 2099265 + 874377 = 0. What is the tens digit of b?
2
What is the thousands digit of (-11)/(5 + -38)*(28464 - 0)?
9
Let u(i) = i**3 + 4*i**2 - 6*i + 3. Let z be u(1). What is the tens digit of ((-3)/z)/((-57)/21964)?
7
Suppose 95*b - 101*b + 21468 = 0. What is the units digit of b?
8
Let q be (6/9 + -2)*300/40. What is the tens digit of (-7588)/(-8) - q/(-20)?
4
Let x be 19 + (-5)/(-1 + 0). Suppose x*c - 39*c + 6000 = 0. What is the hundreds digit of c?
4
Suppose 24468 = -704*s + 713*s + 7998. What is the hundreds digit of s?
8
Let l = 191 + -190. What is the units digit of 2258*8/16 + l?
0
Let p(d) = -12*d + 253. Let n(g) = -2*g + 50. Let h(o) = 11*n(o) - 2*p(o). Suppose w = -4*k - 23, 5*w + 67 = 4*k - 8*k. What is the units digit of h(w)?
2
Suppose -3 = 3*w + d, 5*w - 3*w - 4*d = 12. Suppose -4*t + t + 219 = w. Let u = t + -22. What is the units digit of u?
1
Suppose 0*f = 3*l - 4*f + 260, 3*l = -2*f - 248. What is the tens digit of 48/l - (-2594)/7?
7
Let l(q) = 2*q**2 + 10*q + 7. Let a be l(-5). Let g be (428/(-3))/(2*a/(-42)). Suppose 0 = -r + 2*r - m - 98, 5*m = -4*r + g. What is the hundreds digit of r?
1
Let b(q) = q - 4. Let r be b(6). Suppose 6*f + 14 = r. Let n = f - -22. What is the units digit of n?
0
Let c be (-1)/(-4) + 11/4. Let g = -1778 - -1828. Suppose -c*n + 4*n = g. What is the units digit of n?
0
Let x(k) = k**2 - 8. Let d be x(4). Suppose -d*l + 5 = -9*l. What is the units digit of (-1395)/(-25) - (-4)/l?
5
Let d(s) = s**3 - s**2 + s - 127. Let k be d(0). Let r = -124 - k. Suppose -2*v + r*l = -4*v + 486, v - l = 238. What is the tens digit of v?
4
Suppose 0 = 5*t - 5*z - 103370, z + 14827 = -t + 35491. What is the units digit of t?
9
Suppose -99379 = -17*m + 25927 - 17135. What is the units digit of m?
3
Suppose 3*t + b - 358 = 289, 1078 = 5*t + 2*b. Suppose -4*g - t = -4*a - 5*g, -4*g = 0. What is the units digit of a?
4
Let t(x) = x**2 - 13*x + 37. Let m be t(9). Let y be (m - 1)/(-22 + 23). Suppose 6*u - u + 10 = 0, -2*h - 3*u + 166 = y. What is the units digit of h?
6
Suppose -15*f = -12*f + 6. Let m be f/12 + (-7)/(-12)*26. Let s = m - -5. What is the tens digit of s?
2
Let o = -915 - -915. Suppose -2*c + 19 - 3 = 0. Suppose -2*b - c = o, 2*j + 10*b = 5*b + 64. What is the tens digit of j?
4
Let h = -1481 + 979. Let t = h + 803. What is the hundreds digit of t?
3
Let j = -96 + 100. Let u be 38/6 - j/3. Suppose -u*i + a + a = -1021, 4*a = -5*i + 1003. What is the tens digit of i?
0
Let l = -1510 + 2482. Suppose 204 + l = 3*b. What is the units digit of b?
2
Let b = -3714 - -4424. What is the tens digit of b?
1
Let c(n) = 11*n**3 - 2*n**2 - 8. Let y be c(4). Let m = y + -229. What is the units digit of m?
5
Let b be (-4697)/(-15) + 8/(-60). Let y = b + 36. What is the units digit of y?
9
Suppose g - 3*p - 289 = 17994, 0 = -5*p - 30. What is the ten thousands digit of g?
1
Let q be -6*(55/(-10) + 5). Let l be 1*0/(4 - q). What is the units digit of 2*(l + 3/((-12)/(-358)))?
9
Let y be 194/18 - (-2)/9. Suppose a - 1 = -j + y, -5*j = -4*a - 24. What is the hundreds digit of 1110/j - 12/(-48)?
1
Let p be 3 - -2 - (1 + 1 - 1). Let f be (0 - 1) + 5/1. Suppose -358 = -p*h - f*o + 2*o, 0 = 2*h + 2*o - 184. What is the tens digit of h?
8
Let h = -1258 - -30721. What is the units digit of h?
3
Let i(l) = 22*l - 80. Let u be 36/(-90) + (-234)/(-10). Let j be i(u). Suppose 3*h - 4*q - j = 0, q + 32 + 247 = 2*h. What is the hundreds digit of h?
1
Suppose 0 = s - 10 - 17. Suppose 5*w + 2 = s. Suppose 2*k + w*o - 10 = 26, -5*k + 4*o + 156 = 0. What is the units digit of k?
8
Let j(x) be the first derivative of -x**4/4 - 5*x**3/3 - 5*x**2/2 + 2*x - 14. Let r be j(-4). What is the units digit of r/(-33) - 976/(-44)?
2
Let s(p) = 2*p**3 + 6*p**2 + 2*p - 26. Let j be s(7). What is the units digit of 10*(j/1